{"id":138,"date":"2018-10-18T22:41:26","date_gmt":"2018-10-18T20:41:26","guid":{"rendered":"http:\/\/domainedesjosephins.com\/josephin\/?page_id=138"},"modified":"2022-12-20T20:51:49","modified_gmt":"2022-12-20T19:51:49","slug":"coteaux-bourguignon","status":"publish","type":"page","link":"https:\/\/domainedesjosephins.com\/josephin\/index.php\/coteaux-bourguignon\/","title":{"rendered":"Terres Profondes"},"content":{"rendered":"<p><img loading=\"lazy\" decoding=\"async\" src=\"http:\/\/domainedesjosephins.com\/josephin\/wp-content\/uploads\/2018\/10\/Terres-Profondes-1-140x300.jpg\" alt=\"\" width=\"350\" height=\"750\" \/><\/p>\n<p>L&rsquo;association de ce c\u00e9page fruit\u00e9 qu&rsquo;est le Gamay et du f\u00fbt de ch\u00eane, qui r\u00e9v\u00e8le et arrondit les tanins, cr\u00e9e un vin \u00e0 la fois structur\u00e9 et d\u00e9licat. Cet \u00e9quilibre est obtenu par la s\u00e9lection de nos meilleures parcelles \u00e9lev\u00e9es pendant 9 \u00e012 mois dans des f\u00fbts \u00e9labor\u00e9s par les meilleurs tonneliers fran\u00e7ais. Pour lui apporter ce \u00ab\u00a0gras\u00a0\u00bb si particulier, nous le \u00ab\u00a0b\u00e2tonnons\u00a0\u00bb chaque semaine. Cette op\u00e9ration consiste, \u00e0 l&rsquo;aide d&rsquo;un instrument en inox appel\u00e9 \u00ab\u00a0dodine\u00a0\u00bb, \u00e0 remuer le vin \u00e0 l&rsquo;int\u00e9rieur du tonneau afin de remettre les lies fines en suspension. Elles vont ensuite se red\u00e9poser au fond en traversant le vin, lui apportant les prot\u00e9ines qui donneront ce soyeux si recherch\u00e9 aux tanins. Cet \u00e9levage lui donne une capacit\u00e9 de garde de 6 \u00e0 8 ans.<\/p>\n<p>\u00a0<\/p>\n<p>ACTUELLEMENT EN RUPTURE DE STOCK.<\/p>\n","protected":false},"excerpt":{"rendered":"<p>L&rsquo;association de ce c\u00e9page fruit\u00e9 qu&rsquo;est le Gamay et du f\u00fbt de ch\u00eane, qui r\u00e9v\u00e8le et arrondit les tanins, cr\u00e9e un vin \u00e0 la fois structur\u00e9 et d\u00e9licat. Cet \u00e9quilibre [&hellip;]<\/p>\n","protected":false},"author":1,"featured_media":0,"parent":0,"menu_order":0,"comment_status":"open","ping_status":"open","template":"","meta":{"_et_pb_use_builder":"","_et_pb_old_content":"","_et_gb_content_width":"","footnotes":""},"class_list":["post-138","page","type-page","status-publish","hentry"],"yoast_head":"<!-- This site is optimized with the Yoast SEO plugin v23.8 - https:\/\/yoast.com\/wordpress\/plugins\/seo\/ -->\n<title>Terres Profondes - Domaine des Jos\u00e9phins<\/title>\n<meta name=\"robots\" content=\"index, follow, max-snippet:-1, max-image-preview:large, max-video-preview:-1\" \/>\n<link rel=\"canonical\" href=\"https:\/\/domainedesjosephins.com\/josephin\/index.php\/coteaux-bourguignon\/\" \/>\n<meta property=\"og:locale\" content=\"fr_FR\" \/>\n<meta property=\"og:type\" content=\"article\" \/>\n<meta property=\"og:title\" content=\"Terres Profondes - Domaine des Jos\u00e9phins\" \/>\n<meta property=\"og:description\" content=\"L&rsquo;association de ce c\u00e9page fruit\u00e9 qu&rsquo;est le Gamay et du f\u00fbt de ch\u00eane, qui r\u00e9v\u00e8le et arrondit les tanins, cr\u00e9e un vin \u00e0 la fois structur\u00e9 et d\u00e9licat. Cet \u00e9quilibre [&hellip;]\" \/>\n<meta property=\"og:url\" content=\"https:\/\/domainedesjosephins.com\/josephin\/index.php\/coteaux-bourguignon\/\" \/>\n<meta property=\"og:site_name\" content=\"Domaine des Jos\u00e9phins\" \/>\n<meta property=\"article:publisher\" content=\"https:\/\/www.facebook.com\/profile.php?id=100054597872414\" \/>\n<meta property=\"article:modified_time\" content=\"2022-12-20T19:51:49+00:00\" \/>\n<meta property=\"og:image\" content=\"http:\/\/domainedesjosephins.com\/josephin\/wp-content\/uploads\/2018\/10\/Terres-Profondes-1-140x300.jpg\" \/>\n<meta name=\"twitter:card\" content=\"summary_large_image\" \/>\n<meta name=\"twitter:label1\" content=\"Dur\u00e9e de lecture estim\u00e9e\" \/>\n\t<meta name=\"twitter:data1\" content=\"1 minute\" \/>\n<script type=\"application\/ld+json\" class=\"yoast-schema-graph\">{\"@context\":\"https:\/\/schema.org\",\"@graph\":[{\"@type\":\"WebPage\",\"@id\":\"https:\/\/domainedesjosephins.com\/josephin\/index.php\/coteaux-bourguignon\/\",\"url\":\"https:\/\/domainedesjosephins.com\/josephin\/index.php\/coteaux-bourguignon\/\",\"name\":\"Terres Profondes - Domaine des Jos\u00e9phins\",\"isPartOf\":{\"@id\":\"https:\/\/domainedesjosephins.com\/josephin\/#website\"},\"primaryImageOfPage\":{\"@id\":\"https:\/\/domainedesjosephins.com\/josephin\/index.php\/coteaux-bourguignon\/#primaryimage\"},\"image\":{\"@id\":\"https:\/\/domainedesjosephins.com\/josephin\/index.php\/coteaux-bourguignon\/#primaryimage\"},\"thumbnailUrl\":\"http:\/\/domainedesjosephins.com\/josephin\/wp-content\/uploads\/2018\/10\/Terres-Profondes-1-140x300.jpg\",\"datePublished\":\"2018-10-18T20:41:26+00:00\",\"dateModified\":\"2022-12-20T19:51:49+00:00\",\"breadcrumb\":{\"@id\":\"https:\/\/domainedesjosephins.com\/josephin\/index.php\/coteaux-bourguignon\/#breadcrumb\"},\"inLanguage\":\"fr-FR\",\"potentialAction\":[{\"@type\":\"ReadAction\",\"target\":[\"https:\/\/domainedesjosephins.com\/josephin\/index.php\/coteaux-bourguignon\/\"]}]},{\"@type\":\"ImageObject\",\"inLanguage\":\"fr-FR\",\"@id\":\"https:\/\/domainedesjosephins.com\/josephin\/index.php\/coteaux-bourguignon\/#primaryimage\",\"url\":\"https:\/\/domainedesjosephins.com\/josephin\/wp-content\/uploads\/2018\/10\/Terres-Profondes-1.jpg\",\"contentUrl\":\"https:\/\/domainedesjosephins.com\/josephin\/wp-content\/uploads\/2018\/10\/Terres-Profondes-1.jpg\",\"width\":1400,\"height\":3000},{\"@type\":\"BreadcrumbList\",\"@id\":\"https:\/\/domainedesjosephins.com\/josephin\/index.php\/coteaux-bourguignon\/#breadcrumb\",\"itemListElement\":[{\"@type\":\"ListItem\",\"position\":1,\"name\":\"Accueil\",\"item\":\"https:\/\/domainedesjosephins.com\/josephin\/\"},{\"@type\":\"ListItem\",\"position\":2,\"name\":\"Terres Profondes\"}]},{\"@type\":\"WebSite\",\"@id\":\"https:\/\/domainedesjosephins.com\/josephin\/#website\",\"url\":\"https:\/\/domainedesjosephins.com\/josephin\/\",\"name\":\"Domaine des Jos\u00e9phins\",\"description\":\"&quot;Du Beaujolais, mais pas que...&quot;\",\"publisher\":{\"@id\":\"https:\/\/domainedesjosephins.com\/josephin\/#organization\"},\"potentialAction\":[{\"@type\":\"SearchAction\",\"target\":{\"@type\":\"EntryPoint\",\"urlTemplate\":\"https:\/\/domainedesjosephins.com\/josephin\/?s={search_term_string}\"},\"query-input\":{\"@type\":\"PropertyValueSpecification\",\"valueRequired\":true,\"valueName\":\"search_term_string\"}}],\"inLanguage\":\"fr-FR\"},{\"@type\":\"Organization\",\"@id\":\"https:\/\/domainedesjosephins.com\/josephin\/#organization\",\"name\":\"Domaine des Jos\u00e9phins\",\"url\":\"https:\/\/domainedesjosephins.com\/josephin\/\",\"logo\":{\"@type\":\"ImageObject\",\"inLanguage\":\"fr-FR\",\"@id\":\"https:\/\/domainedesjosephins.com\/josephin\/#\/schema\/logo\/image\/\",\"url\":\"https:\/\/domainedesjosephins.com\/josephin\/wp-content\/uploads\/2018\/10\/cropped-en-tete-site-internet-1.jpg\",\"contentUrl\":\"https:\/\/domainedesjosephins.com\/josephin\/wp-content\/uploads\/2018\/10\/cropped-en-tete-site-internet-1.jpg\",\"width\":1300,\"height\":500,\"caption\":\"Domaine des Jos\u00e9phins\"},\"image\":{\"@id\":\"https:\/\/domainedesjosephins.com\/josephin\/#\/schema\/logo\/image\/\"},\"sameAs\":[\"https:\/\/www.facebook.com\/profile.php?id=100054597872414\"]}]}<\/script>\n<!-- \/ Yoast SEO plugin. -->","yoast_head_json":{"title":"Terres Profondes - Domaine des Jos\u00e9phins","robots":{"index":"index","follow":"follow","max-snippet":"max-snippet:-1","max-image-preview":"max-image-preview:large","max-video-preview":"max-video-preview:-1"},"canonical":"https:\/\/domainedesjosephins.com\/josephin\/index.php\/coteaux-bourguignon\/","og_locale":"fr_FR","og_type":"article","og_title":"Terres Profondes - Domaine des Jos\u00e9phins","og_description":"L&rsquo;association de ce c\u00e9page fruit\u00e9 qu&rsquo;est le Gamay et du f\u00fbt de ch\u00eane, qui r\u00e9v\u00e8le et arrondit les tanins, cr\u00e9e un vin \u00e0 la fois structur\u00e9 et d\u00e9licat. Cet \u00e9quilibre [&hellip;]","og_url":"https:\/\/domainedesjosephins.com\/josephin\/index.php\/coteaux-bourguignon\/","og_site_name":"Domaine des Jos\u00e9phins","article_publisher":"https:\/\/www.facebook.com\/profile.php?id=100054597872414","article_modified_time":"2022-12-20T19:51:49+00:00","og_image":[{"url":"http:\/\/domainedesjosephins.com\/josephin\/wp-content\/uploads\/2018\/10\/Terres-Profondes-1-140x300.jpg"}],"twitter_card":"summary_large_image","twitter_misc":{"Dur\u00e9e de lecture estim\u00e9e":"1 minute"},"schema":{"@context":"https:\/\/schema.org","@graph":[{"@type":"WebPage","@id":"https:\/\/domainedesjosephins.com\/josephin\/index.php\/coteaux-bourguignon\/","url":"https:\/\/domainedesjosephins.com\/josephin\/index.php\/coteaux-bourguignon\/","name":"Terres Profondes - Domaine des Jos\u00e9phins","isPartOf":{"@id":"https:\/\/domainedesjosephins.com\/josephin\/#website"},"primaryImageOfPage":{"@id":"https:\/\/domainedesjosephins.com\/josephin\/index.php\/coteaux-bourguignon\/#primaryimage"},"image":{"@id":"https:\/\/domainedesjosephins.com\/josephin\/index.php\/coteaux-bourguignon\/#primaryimage"},"thumbnailUrl":"http:\/\/domainedesjosephins.com\/josephin\/wp-content\/uploads\/2018\/10\/Terres-Profondes-1-140x300.jpg","datePublished":"2018-10-18T20:41:26+00:00","dateModified":"2022-12-20T19:51:49+00:00","breadcrumb":{"@id":"https:\/\/domainedesjosephins.com\/josephin\/index.php\/coteaux-bourguignon\/#breadcrumb"},"inLanguage":"fr-FR","potentialAction":[{"@type":"ReadAction","target":["https:\/\/domainedesjosephins.com\/josephin\/index.php\/coteaux-bourguignon\/"]}]},{"@type":"ImageObject","inLanguage":"fr-FR","@id":"https:\/\/domainedesjosephins.com\/josephin\/index.php\/coteaux-bourguignon\/#primaryimage","url":"https:\/\/domainedesjosephins.com\/josephin\/wp-content\/uploads\/2018\/10\/Terres-Profondes-1.jpg","contentUrl":"https:\/\/domainedesjosephins.com\/josephin\/wp-content\/uploads\/2018\/10\/Terres-Profondes-1.jpg","width":1400,"height":3000},{"@type":"BreadcrumbList","@id":"https:\/\/domainedesjosephins.com\/josephin\/index.php\/coteaux-bourguignon\/#breadcrumb","itemListElement":[{"@type":"ListItem","position":1,"name":"Accueil","item":"https:\/\/domainedesjosephins.com\/josephin\/"},{"@type":"ListItem","position":2,"name":"Terres Profondes"}]},{"@type":"WebSite","@id":"https:\/\/domainedesjosephins.com\/josephin\/#website","url":"https:\/\/domainedesjosephins.com\/josephin\/","name":"Domaine des Jos\u00e9phins","description":"&quot;Du Beaujolais, mais pas que...&quot;","publisher":{"@id":"https:\/\/domainedesjosephins.com\/josephin\/#organization"},"potentialAction":[{"@type":"SearchAction","target":{"@type":"EntryPoint","urlTemplate":"https:\/\/domainedesjosephins.com\/josephin\/?s={search_term_string}"},"query-input":{"@type":"PropertyValueSpecification","valueRequired":true,"valueName":"search_term_string"}}],"inLanguage":"fr-FR"},{"@type":"Organization","@id":"https:\/\/domainedesjosephins.com\/josephin\/#organization","name":"Domaine des Jos\u00e9phins","url":"https:\/\/domainedesjosephins.com\/josephin\/","logo":{"@type":"ImageObject","inLanguage":"fr-FR","@id":"https:\/\/domainedesjosephins.com\/josephin\/#\/schema\/logo\/image\/","url":"https:\/\/domainedesjosephins.com\/josephin\/wp-content\/uploads\/2018\/10\/cropped-en-tete-site-internet-1.jpg","contentUrl":"https:\/\/domainedesjosephins.com\/josephin\/wp-content\/uploads\/2018\/10\/cropped-en-tete-site-internet-1.jpg","width":1300,"height":500,"caption":"Domaine des Jos\u00e9phins"},"image":{"@id":"https:\/\/domainedesjosephins.com\/josephin\/#\/schema\/logo\/image\/"},"sameAs":["https:\/\/www.facebook.com\/profile.php?id=100054597872414"]}]}},"jetpack_sharing_enabled":true,"_links":{"self":[{"href":"https:\/\/domainedesjosephins.com\/josephin\/index.php\/wp-json\/wp\/v2\/pages\/138","targetHints":{"allow":["GET"]}}],"collection":[{"href":"https:\/\/domainedesjosephins.com\/josephin\/index.php\/wp-json\/wp\/v2\/pages"}],"about":[{"href":"https:\/\/domainedesjosephins.com\/josephin\/index.php\/wp-json\/wp\/v2\/types\/page"}],"author":[{"embeddable":true,"href":"https:\/\/domainedesjosephins.com\/josephin\/index.php\/wp-json\/wp\/v2\/users\/1"}],"replies":[{"embeddable":true,"href":"https:\/\/domainedesjosephins.com\/josephin\/index.php\/wp-json\/wp\/v2\/comments?post=138"}],"version-history":[{"count":16,"href":"https:\/\/domainedesjosephins.com\/josephin\/index.php\/wp-json\/wp\/v2\/pages\/138\/revisions"}],"predecessor-version":[{"id":1440,"href":"https:\/\/domainedesjosephins.com\/josephin\/index.php\/wp-json\/wp\/v2\/pages\/138\/revisions\/1440"}],"wp:attachment":[{"href":"https:\/\/domainedesjosephins.com\/josephin\/index.php\/wp-json\/wp\/v2\/media?parent=138"}],"curies":[{"name":"wp","href":"https:\/\/api.w.org\/{rel}","templated":true}]}}