{"id":35,"date":"2018-10-13T14:23:32","date_gmt":"2018-10-13T12:23:32","guid":{"rendered":"http:\/\/domainedesjosephins.com\/josephin\/?page_id=35"},"modified":"2023-11-15T13:27:37","modified_gmt":"2023-11-15T12:27:37","slug":"accueil","status":"publish","type":"page","link":"https:\/\/domainedesjosephins.com\/josephin\/","title":{"rendered":"Accueil"},"content":{"rendered":"<h2><span style=\"color: #ff0000;\"><strong>Site web en restructuration.. Nouveau design, nouvelles \u00e9tiquettes et nouvelles photos sont \u00e0 venir !<\/strong><\/span><\/h2>\n<p>&nbsp;<\/p>\n<h3 style=\"text-align: center;\">*** Portes Ouvertes 2023 ***<\/h3>\n<h1 style=\"text-align: center;\"><img loading=\"lazy\" decoding=\"async\" class=\"alignnone size-medium wp-image-1642\" src=\"https:\/\/domainedesjosephins.com\/josephin\/wp-content\/uploads\/2023\/11\/Recto-carte-de-correspondance-2023-300x146.jpg\" alt=\"\" width=\"300\" height=\"146\" \/><\/h1>\n<div class=\"xdj266r x11i5rnm xat24cr x1mh8g0r x1vvkbs\"><\/div>\n<div class=\"x11i5rnm xat24cr x1mh8g0r x1vvkbs xtlvy1s\" style=\"text-align: center;\">Nous vous attendons nombreux cette ann\u00e9e pour partager la sortie des Beaujolais Nouveaux lors de nos Portes Ouvertes \u00ab\u00a0On remet \u00e7a !\u00a0\u00bb<\/div>\n<div class=\"x11i5rnm xat24cr x1mh8g0r x1vvkbs xtlvy1s\" style=\"text-align: center;\">D\u00e9gustation du Nouveau biens\u00fbr mais \u00e9galement des autres vins de la gamme.<\/div>\n<div class=\"x11i5rnm xat24cr x1mh8g0r x1vvkbs xtlvy1s\" style=\"text-align: center;\">Cette ann\u00e9e c&rsquo;est le grand retour du Coteaux Bourguignons et de la Belle Jos\u00e9phine !<\/div>\n<div style=\"text-align: center;\">&#8212;&#8212;&#8212;&#8212;&#8212;&#8212;&#8212;&#8212;&#8212;<\/div>\n<div style=\"text-align: center;\"><\/div>\n<div class=\"x11i5rnm xat24cr x1mh8g0r x1vvkbs xtlvy1s\" style=\"text-align: center;\">March\u00e9 d&rsquo;Artisans locaux (Uniquement le Samedi et le Dimanche)<\/div>\n<div class=\"x11i5rnm xat24cr x1mh8g0r x1vvkbs xtlvy1s\" style=\"text-align: center;\">avec Bernard Adell et son Miel, Nancy et ses savons au lait d&rsquo;Anesse, Les sculptures sur bois de Fabien Bochard, les Huiles essentielles de Bernadette Bollinger, les Fromages de ch\u00e8vre de Nicolas Monnery.<\/div>\n<div style=\"text-align: center;\">&#8212;&#8212;&#8212;&#8212;&#8212;&#8212;&#8212;&#8212;&#8212;<\/div>\n<div style=\"text-align: center;\"><\/div>\n<div class=\"x11i5rnm xat24cr x1mh8g0r x1vvkbs xtlvy1s\" style=\"text-align: center;\">Les d\u00e9licieuses Cr\u00e8pes et Galettes bretonnes sont de retour avec Ar&rsquo;galette. (Samedi et Dimanche)<\/div>\n<div style=\"text-align: center;\">&#8212;&#8212;&#8212;&#8212;&#8212;&#8212;&#8212;&#8212;&#8212;<\/div>\n<div style=\"text-align: center;\"><\/div>\n<div class=\"x11i5rnm xat24cr x1mh8g0r x1vvkbs xtlvy1s\" style=\"text-align: center;\">Concert de Rock live assur\u00e9 par le Trio Moonlight. Ils ont mit le feu l&rsquo;an dernier et ils reviennent nous r\u00e9galer cette ann\u00e9e <strong>\u00e0 partir de 20h00 le Samedi 18<\/strong>.<\/div>\n<div style=\"text-align: center;\">Pour l&rsquo;\u00e9v\u00e8nement, la d\u00e9gustation sera d\u00e9plac\u00e9e dans un autre espace pour laisser place \u00e0 la buvette.<\/div>\n<div style=\"text-align: center;\">&#8212;&#8212;&#8212;&#8212;&#8212;&#8212;&#8212;&#8212;&#8212;<\/div>\n<div><\/div>\n<div class=\"x11i5rnm xat24cr x1mh8g0r x1vvkbs xtlvy1s\" style=\"text-align: center;\">Il y a forc\u00e9ment quelque chose qui vous attirera au Domaine des Jos\u00e9phins !<\/div>\n<div class=\"x11i5rnm xat24cr x1mh8g0r x1vvkbs xtlvy1s\" style=\"text-align: center;\">Venez nombreux !<\/div>\n<div style=\"text-align: center;\"><\/div>\n<h1><\/h1>\n<p>&nbsp;<\/p>\n<p>&nbsp;<\/p>\n<h1 style=\"margin-bottom: 0.540791em; text-align: center;\">Le Domaine des Jos\u00e9phins vous souhaite la bienvenue sur son site.<\/h1>\n<hr style=\"background-color: #ffffff;\" \/>\n<p>Notre domaine, cr\u00e9\u00e9 en 1979, fusion du domaine familial de Jos\u00e9phine Presle avec celui de Joseph Remilleux, est nich\u00e9 au coeur des \u00ab\u00a0Pierres dor\u00e9es\u00a0\u00bb \u00e0 quelques lieues de la belle ville de Lyon.<\/p>\n<p>C&rsquo;est en 1983 que G\u00e9rard Presle d\u00e9cide de travailler pour son compte en quittant les coop\u00e9rative de Liergues et Lachassagne et de s&rsquo;installer en ind\u00e9pendant, Le domaine PRESLE G\u00e9rard est n\u00e9.<\/p>\n<p>Puis en 2012, G\u00e9rard d\u00e9cide d&rsquo;agrandir consid\u00e9rablement sa structure et de passer en EARL. Le nom changera \u00e9galement pour donner naissance au \u00ab\u00a0Domaine des Jos\u00e9phins\u00a0\u00bb. Hommage \u00e0 sa grand-m\u00e8re Jos\u00e9phine et \u00e0 Joseph Remilleux alors plus de ce monde.<\/p>\n<p>C&rsquo;est en 2018 que Michael fait son entr\u00e9e dans l&rsquo;\u00e9tablissement. Alors embauch\u00e9 comme salari\u00e9 \u00e0 la suite des vendanges, il travail \u00e0 plein temps aupr\u00e8s de G\u00e9rard. A eux deux, ils exploitent alors 26Ha et 6 c\u00e9pages diff\u00e9rents. Tr\u00e8s vite, G\u00e9rard parle de reprise \u00e0 Michael et c&rsquo;est en 2022, que ce dernier d\u00e9cide de sauter le pas et de reprendre le domaine de l&rsquo;homme qui lui a tout appris sur la viticulture et le m\u00e9tier de Vigneron. Aujourd&rsquo;hui, ils ont \u00e9chang\u00e9 les r\u00f4les mais la passion de la vigne et du vin les unis pour un but commun. La qualit\u00e9 de leurs produits et le plaisir de leurs clients.<\/p>\n<p>Tr\u00e8s justement surnomm\u00e9e la Toscane fran\u00e7aise, cette r\u00e9gion surprend le promeneur par la douceur des courbes de ses vallons, par la couleur ocre dor\u00e9e de ses villages, par ses paysages o\u00f9 les parcelles de vigne voisinent avec des bosquets touffus, des haies vives d&rsquo;o\u00f9 s&rsquo;\u00e9chappent les chants d&rsquo;oiseaux, ses cadoles (petites cabanes de pierre cylindriques) et tant d&rsquo;autre choses encore.<\/p>\n<p>C&rsquo;est dans ce magnifique paysage que na\u00eessent, cro\u00eessent et vieillissent les vins que nous \u00e9laborons. Ceux-ci, \u00e0 l&rsquo;image de nos collines verdoyantes, invitent \u00e0 la\u00a0convivialit\u00e9\u00a0et \u00e0 la\u00a0contemplation<\/p>\n","protected":false},"excerpt":{"rendered":"<p>Site web en restructuration.. Nouveau design, nouvelles \u00e9tiquettes et nouvelles photos sont \u00e0 venir ! &nbsp; *** Portes Ouvertes 2023 *** Nous vous attendons nombreux cette ann\u00e9e pour partager la [&hellip;]<\/p>\n","protected":false},"author":1,"featured_media":0,"parent":0,"menu_order":0,"comment_status":"closed","ping_status":"closed","template":"","meta":{"_et_pb_use_builder":"","_et_pb_old_content":"","_et_gb_content_width":"","footnotes":""},"class_list":["post-35","page","type-page","status-publish","hentry"],"yoast_head":"<!-- This site is optimized with the Yoast SEO plugin v23.8 - https:\/\/yoast.com\/wordpress\/plugins\/seo\/ -->\n<title>Accueil - Domaine des Jos\u00e9phins<\/title>\n<meta name=\"robots\" content=\"index, follow, max-snippet:-1, max-image-preview:large, max-video-preview:-1\" \/>\n<link rel=\"canonical\" href=\"https:\/\/domainedesjosephins.com\/josephin\/\" \/>\n<meta property=\"og:locale\" content=\"fr_FR\" \/>\n<meta property=\"og:type\" content=\"article\" \/>\n<meta property=\"og:title\" content=\"Accueil - Domaine des Jos\u00e9phins\" \/>\n<meta property=\"og:description\" content=\"Site web en restructuration.. Nouveau design, nouvelles \u00e9tiquettes et nouvelles photos sont \u00e0 venir ! &nbsp; *** Portes Ouvertes 2023 *** Nous vous attendons nombreux cette ann\u00e9e pour partager la [&hellip;]\" \/>\n<meta property=\"og:url\" content=\"https:\/\/domainedesjosephins.com\/josephin\/\" \/>\n<meta property=\"og:site_name\" content=\"Domaine des Jos\u00e9phins\" \/>\n<meta property=\"article:publisher\" content=\"https:\/\/www.facebook.com\/profile.php?id=100054597872414\" \/>\n<meta property=\"article:modified_time\" content=\"2023-11-15T12:27:37+00:00\" \/>\n<meta property=\"og:image\" content=\"https:\/\/domainedesjosephins.com\/josephin\/wp-content\/uploads\/2023\/11\/Recto-carte-de-correspondance-2023-300x146.jpg\" \/>\n<meta name=\"twitter:card\" content=\"summary_large_image\" \/>\n<meta name=\"twitter:label1\" content=\"Dur\u00e9e de lecture estim\u00e9e\" \/>\n\t<meta name=\"twitter:data1\" content=\"3 minutes\" \/>\n<script type=\"application\/ld+json\" class=\"yoast-schema-graph\">{\"@context\":\"https:\/\/schema.org\",\"@graph\":[{\"@type\":\"WebPage\",\"@id\":\"https:\/\/domainedesjosephins.com\/josephin\/\",\"url\":\"https:\/\/domainedesjosephins.com\/josephin\/\",\"name\":\"Accueil - Domaine des Jos\u00e9phins\",\"isPartOf\":{\"@id\":\"https:\/\/domainedesjosephins.com\/josephin\/#website\"},\"primaryImageOfPage\":{\"@id\":\"https:\/\/domainedesjosephins.com\/josephin\/#primaryimage\"},\"image\":{\"@id\":\"https:\/\/domainedesjosephins.com\/josephin\/#primaryimage\"},\"thumbnailUrl\":\"https:\/\/domainedesjosephins.com\/josephin\/wp-content\/uploads\/2023\/11\/Recto-carte-de-correspondance-2023-300x146.jpg\",\"datePublished\":\"2018-10-13T12:23:32+00:00\",\"dateModified\":\"2023-11-15T12:27:37+00:00\",\"breadcrumb\":{\"@id\":\"https:\/\/domainedesjosephins.com\/josephin\/#breadcrumb\"},\"inLanguage\":\"fr-FR\",\"potentialAction\":[{\"@type\":\"ReadAction\",\"target\":[\"https:\/\/domainedesjosephins.com\/josephin\/\"]}]},{\"@type\":\"ImageObject\",\"inLanguage\":\"fr-FR\",\"@id\":\"https:\/\/domainedesjosephins.com\/josephin\/#primaryimage\",\"url\":\"https:\/\/domainedesjosephins.com\/josephin\/wp-content\/uploads\/2023\/11\/Recto-carte-de-correspondance-2023.jpg\",\"contentUrl\":\"https:\/\/domainedesjosephins.com\/josephin\/wp-content\/uploads\/2023\/11\/Recto-carte-de-correspondance-2023.jpg\",\"width\":2528,\"height\":1229},{\"@type\":\"BreadcrumbList\",\"@id\":\"https:\/\/domainedesjosephins.com\/josephin\/#breadcrumb\",\"itemListElement\":[{\"@type\":\"ListItem\",\"position\":1,\"name\":\"Accueil\",\"item\":\"https:\/\/domainedesjosephins.com\/josephin\/\"},{\"@type\":\"ListItem\",\"position\":2,\"name\":\"Accueil\"}]},{\"@type\":\"WebSite\",\"@id\":\"https:\/\/domainedesjosephins.com\/josephin\/#website\",\"url\":\"https:\/\/domainedesjosephins.com\/josephin\/\",\"name\":\"Domaine des Jos\u00e9phins\",\"description\":\"&quot;Du Beaujolais, mais pas que...&quot;\",\"publisher\":{\"@id\":\"https:\/\/domainedesjosephins.com\/josephin\/#organization\"},\"potentialAction\":[{\"@type\":\"SearchAction\",\"target\":{\"@type\":\"EntryPoint\",\"urlTemplate\":\"https:\/\/domainedesjosephins.com\/josephin\/?s={search_term_string}\"},\"query-input\":{\"@type\":\"PropertyValueSpecification\",\"valueRequired\":true,\"valueName\":\"search_term_string\"}}],\"inLanguage\":\"fr-FR\"},{\"@type\":\"Organization\",\"@id\":\"https:\/\/domainedesjosephins.com\/josephin\/#organization\",\"name\":\"Domaine des Jos\u00e9phins\",\"url\":\"https:\/\/domainedesjosephins.com\/josephin\/\",\"logo\":{\"@type\":\"ImageObject\",\"inLanguage\":\"fr-FR\",\"@id\":\"https:\/\/domainedesjosephins.com\/josephin\/#\/schema\/logo\/image\/\",\"url\":\"https:\/\/domainedesjosephins.com\/josephin\/wp-content\/uploads\/2018\/10\/cropped-en-tete-site-internet-1.jpg\",\"contentUrl\":\"https:\/\/domainedesjosephins.com\/josephin\/wp-content\/uploads\/2018\/10\/cropped-en-tete-site-internet-1.jpg\",\"width\":1300,\"height\":500,\"caption\":\"Domaine des Jos\u00e9phins\"},\"image\":{\"@id\":\"https:\/\/domainedesjosephins.com\/josephin\/#\/schema\/logo\/image\/\"},\"sameAs\":[\"https:\/\/www.facebook.com\/profile.php?id=100054597872414\"]}]}<\/script>\n<!-- \/ Yoast SEO plugin. -->","yoast_head_json":{"title":"Accueil - Domaine des Jos\u00e9phins","robots":{"index":"index","follow":"follow","max-snippet":"max-snippet:-1","max-image-preview":"max-image-preview:large","max-video-preview":"max-video-preview:-1"},"canonical":"https:\/\/domainedesjosephins.com\/josephin\/","og_locale":"fr_FR","og_type":"article","og_title":"Accueil - Domaine des Jos\u00e9phins","og_description":"Site web en restructuration.. Nouveau design, nouvelles \u00e9tiquettes et nouvelles photos sont \u00e0 venir ! &nbsp; *** Portes Ouvertes 2023 *** Nous vous attendons nombreux cette ann\u00e9e pour partager la [&hellip;]","og_url":"https:\/\/domainedesjosephins.com\/josephin\/","og_site_name":"Domaine des Jos\u00e9phins","article_publisher":"https:\/\/www.facebook.com\/profile.php?id=100054597872414","article_modified_time":"2023-11-15T12:27:37+00:00","og_image":[{"url":"https:\/\/domainedesjosephins.com\/josephin\/wp-content\/uploads\/2023\/11\/Recto-carte-de-correspondance-2023-300x146.jpg"}],"twitter_card":"summary_large_image","twitter_misc":{"Dur\u00e9e de lecture estim\u00e9e":"3 minutes"},"schema":{"@context":"https:\/\/schema.org","@graph":[{"@type":"WebPage","@id":"https:\/\/domainedesjosephins.com\/josephin\/","url":"https:\/\/domainedesjosephins.com\/josephin\/","name":"Accueil - Domaine des Jos\u00e9phins","isPartOf":{"@id":"https:\/\/domainedesjosephins.com\/josephin\/#website"},"primaryImageOfPage":{"@id":"https:\/\/domainedesjosephins.com\/josephin\/#primaryimage"},"image":{"@id":"https:\/\/domainedesjosephins.com\/josephin\/#primaryimage"},"thumbnailUrl":"https:\/\/domainedesjosephins.com\/josephin\/wp-content\/uploads\/2023\/11\/Recto-carte-de-correspondance-2023-300x146.jpg","datePublished":"2018-10-13T12:23:32+00:00","dateModified":"2023-11-15T12:27:37+00:00","breadcrumb":{"@id":"https:\/\/domainedesjosephins.com\/josephin\/#breadcrumb"},"inLanguage":"fr-FR","potentialAction":[{"@type":"ReadAction","target":["https:\/\/domainedesjosephins.com\/josephin\/"]}]},{"@type":"ImageObject","inLanguage":"fr-FR","@id":"https:\/\/domainedesjosephins.com\/josephin\/#primaryimage","url":"https:\/\/domainedesjosephins.com\/josephin\/wp-content\/uploads\/2023\/11\/Recto-carte-de-correspondance-2023.jpg","contentUrl":"https:\/\/domainedesjosephins.com\/josephin\/wp-content\/uploads\/2023\/11\/Recto-carte-de-correspondance-2023.jpg","width":2528,"height":1229},{"@type":"BreadcrumbList","@id":"https:\/\/domainedesjosephins.com\/josephin\/#breadcrumb","itemListElement":[{"@type":"ListItem","position":1,"name":"Accueil","item":"https:\/\/domainedesjosephins.com\/josephin\/"},{"@type":"ListItem","position":2,"name":"Accueil"}]},{"@type":"WebSite","@id":"https:\/\/domainedesjosephins.com\/josephin\/#website","url":"https:\/\/domainedesjosephins.com\/josephin\/","name":"Domaine des Jos\u00e9phins","description":"&quot;Du Beaujolais, mais pas que...&quot;","publisher":{"@id":"https:\/\/domainedesjosephins.com\/josephin\/#organization"},"potentialAction":[{"@type":"SearchAction","target":{"@type":"EntryPoint","urlTemplate":"https:\/\/domainedesjosephins.com\/josephin\/?s={search_term_string}"},"query-input":{"@type":"PropertyValueSpecification","valueRequired":true,"valueName":"search_term_string"}}],"inLanguage":"fr-FR"},{"@type":"Organization","@id":"https:\/\/domainedesjosephins.com\/josephin\/#organization","name":"Domaine des Jos\u00e9phins","url":"https:\/\/domainedesjosephins.com\/josephin\/","logo":{"@type":"ImageObject","inLanguage":"fr-FR","@id":"https:\/\/domainedesjosephins.com\/josephin\/#\/schema\/logo\/image\/","url":"https:\/\/domainedesjosephins.com\/josephin\/wp-content\/uploads\/2018\/10\/cropped-en-tete-site-internet-1.jpg","contentUrl":"https:\/\/domainedesjosephins.com\/josephin\/wp-content\/uploads\/2018\/10\/cropped-en-tete-site-internet-1.jpg","width":1300,"height":500,"caption":"Domaine des Jos\u00e9phins"},"image":{"@id":"https:\/\/domainedesjosephins.com\/josephin\/#\/schema\/logo\/image\/"},"sameAs":["https:\/\/www.facebook.com\/profile.php?id=100054597872414"]}]}},"jetpack_sharing_enabled":true,"_links":{"self":[{"href":"https:\/\/domainedesjosephins.com\/josephin\/index.php\/wp-json\/wp\/v2\/pages\/35","targetHints":{"allow":["GET"]}}],"collection":[{"href":"https:\/\/domainedesjosephins.com\/josephin\/index.php\/wp-json\/wp\/v2\/pages"}],"about":[{"href":"https:\/\/domainedesjosephins.com\/josephin\/index.php\/wp-json\/wp\/v2\/types\/page"}],"author":[{"embeddable":true,"href":"https:\/\/domainedesjosephins.com\/josephin\/index.php\/wp-json\/wp\/v2\/users\/1"}],"replies":[{"embeddable":true,"href":"https:\/\/domainedesjosephins.com\/josephin\/index.php\/wp-json\/wp\/v2\/comments?post=35"}],"version-history":[{"count":67,"href":"https:\/\/domainedesjosephins.com\/josephin\/index.php\/wp-json\/wp\/v2\/pages\/35\/revisions"}],"predecessor-version":[{"id":1646,"href":"https:\/\/domainedesjosephins.com\/josephin\/index.php\/wp-json\/wp\/v2\/pages\/35\/revisions\/1646"}],"wp:attachment":[{"href":"https:\/\/domainedesjosephins.com\/josephin\/index.php\/wp-json\/wp\/v2\/media?parent=35"}],"curies":[{"name":"wp","href":"https:\/\/api.w.org\/{rel}","templated":true}]}}